, 2*o = -3*v + 46. Suppose 3*i - 16 = -x, 0*x - v = -4*i + x. What is the units digit of i?
4
Suppose -4 = 7*r - 9*r. Let j = 4 + -3. What is the units digit of 16/j + (r - 4)?
4
Let m be 13/4 - (-1)/(-4). Let w(g) = -g**m + 5*g**2 - g + 7*g - 3*g - 7. What is the units digit of w(5)?
8
Let h(t) = -13*t + 18. What is the hundreds digit of h(-8)?
1
Let u = -19 - -32. What is the tens digit of u?
1
Let r be (-5)/(80/12)*-4. Suppose 4*j + f - 95 = 0, 3*j + r*f + 2*f = 50. What is the tens digit of j?
2
Suppose q - 4*j = 27, q + j - 6*j = 29. Suppose -n + q - 55 = 0. What is the units digit of n/(-15) + 6/(-15)?
2
Let w(k) = -k**2 + 5*k + 8. Let g be w(9). Let s = g - -55. What is the units digit of s?
7
Suppose -5*m = -5*g, 6*g - 3*g + m = -16. What is the tens digit of (-5)/(-1)*g/(-1)?
2
Let t be 1/(0 + 2/(-6)). Let r be ((-3)/(-2))/(t/(-40)). Suppose 3*f = -2*f + r. What is the units digit of f?
4
Suppose 0 = -2*v - 11 + 3, 192 = 4*p + 5*v. What is the tens digit of p?
5
Let l(j) = j**2 + 8*j + 11. Let v be l(-9). Suppose r = -x - x + 15, v = 3*r + x. Suppose -r*u = -u - 4. What is the units digit of u?
1
Let f be 6/(-3) + 1 + 16. Suppose -6*y = -y - f, y - 67 = 4*x. Let s = x - -23. What is the units digit of s?
7
Suppose -3*h + 129 + 59 = 2*z, -3*h + 183 = -3*z. What is the tens digit of h?
6
Suppose 4*o + 38 = 5*b, -b - 3*o - 31 = -5*b. Let l(q) = -q**2 + 13*q - 4. What is the units digit of l(b)?
6
Let c = 1 + -1. Suppose -2*u + 40 = -2*l - c*l, 0 = -5*u + 2*l + 85. What is the tens digit of u?
1
Let v(c) = -13*c - 10. What is the tens digit of v(-4)?
4
What is the units digit of (-45)/6*(-20)/6?
5
Let s(h) = h**3 - 7*h**2 - 11*h + 10. Let v be s(8). Let u(g) = g - 12. Let t be u(7). Let m = t - v. What is the units digit of m?
9
Let t be 2/(-4) - (-5)/2. Suppose -t - 4 = -c. What is the units digit of c?
6
Suppose 122*f - 119*f = 66. What is the tens digit of f?
2
Let w(s) = -s + 4. Let v be w(4). Suppose -5*q + 20 = -v*q. Let o = q + 5. What is the units digit of o?
9
Suppose 0 = -4*f + 16, -3*v + 2*f = -v + 6. Suppose -g + 16 = -5*g. What is the units digit of ((-2)/g)/(v/4)?
2
Let m(z) = z**3 + 7*z**2 - 2*z - 9. Let b be m(-6). Let j = -27 + b. Suppose -4*t + j = 2*y - 2*t, -y + 6 = 3*t. What is the units digit of y?
6
Suppose 0 = -k + 4*k. Suppose k = -l - 4*l. What is the units digit of 9 - l/(4/2)?
9
Let j = -13 - 31. Let d = 21 - j. Suppose 0 = 5*b + 10 - d. What is the tens digit of b?
1
Let g = 49 - 46. What is the units digit of g?
3
Let g = -9 + 10. What is the units digit of (g*-7)/(4 - 5)?
7
Let h(y) = -y**3 - 9*y**2 - 2*y - 7. What is the tens digit of h(-9)?
1
What is the tens digit of ((-18)/3)/(4 + (-396)/98)?
4
Let o be (-20)/(-5) - 2/2. Suppose -o*h = -0*h + 3. What is the units digit of (h/(-1) - -10) + 2?
3
Suppose 0 = 3*f - 237 - 84. Let r = f - 74. What is the units digit of r?
3
Let b = 36 + -7. What is the tens digit of b?
2
Let l(y) be the third derivative of y**6/120 - y**5/60 - y**4/6 + y**3/3 + y**2. What is the units digit of l(3)?
8
Suppose 7 + 2 = -l. Let f = -5 - l. What is the units digit of f?
4
Suppose 5*c = -9 + 34. Suppose 0 = 3*b - 20 + c. What is the units digit of b?
5
Let n(l) = l**3 + 2*l**2 - 2*l. Let v be n(-3). Let y(j) = -j**3 - j**2 + j - 2. Let z be y(v). Suppose 2*p - 3 = z. What is the units digit of p?
8
Let b(w) = w + 3*w + w**2 + 7 + 2*w. What is the units digit of b(-6)?
7
Let q be 3 - 2 - (-2)/2. Suppose 17 = 3*h + q. What is the units digit of h?
5
Let r(k) = 6*k**2 + 6*k**2 + k - 2*k**2 + 4*k**2. What is the units digit of r(-1)?
3
Let x(j) = -j + 10. Let f(a) = -a**2 + 11*a. Let w be f(8). Suppose -w = -2*q + 3*d, 0 = q + d + 4 - 11. What is the units digit of x(q)?
1
Let c = 4 + 0. Suppose -c*o + 50 = o. What is the tens digit of o?
1
Let s be 1*(1 + (5 - 1)). Suppose 101 = s*w - 44. What is the units digit of w?
9
Let r(f) = -8*f + f**2 + 21 - 13 + 3. Suppose 2*q + 0*q = 18. What is the units digit of r(q)?
0
Suppose 2*z = -2*z - 4*p + 28, 3*z - 4*p = 0. Let n = z + 13. What is the units digit of n?
7
Let s(b) = -b**3 - 7*b**2 - 6*b + 13. What is the tens digit of s(-6)?
1
Let w(q) = 3*q - 2. Let x(o) = o. Let d(r) = -w(r) + 6*x(r). Let i be d(2). Suppose 2*g - s + i = 23, 4*s = 4*g - 32. What is the units digit of g?
7
Let b(h) = -h**3 + 16*h**2 - 19*h - 4. What is the units digit of b(14)?
2
Let x = 159 - 76. What is the tens digit of x?
8
Suppose 3*m - 42 = -k, 3*k + 3*m - 61 = 7*m. Suppose -5*r + k = -38. Let q = r + -5. What is the units digit of q?
8
Let m(o) = -o**3 + 5*o**2 - 2. Let r be m(6). Let w = -27 - r. What is the units digit of w?
1
Let v(c) = 2*c**2 - c**3 + c**2 - 2 + 3*c + 0*c. What is the units digit of v(3)?
7
Let z(w) = -w**3 - 2*w**2 + 7*w - 4. What is the units digit of z(-6)?
8
Let p(o) = 2*o - 7. Suppose -18 = -5*t + 3*t. What is the tens digit of p(t)?
1
Let p = -34 - -72. What is the units digit of p?
8
Let u = 54 - 38. Let d = u - 22. What is the units digit of (4 + -2)*(-15)/d?
5
What is the units digit of -2 - -4 - 5 - -22?
9
Let n be -2 - 0 - 8/(-2). What is the units digit of (5 - n) + -5 + 22?
0
What is the units digit of 0 + -4 + 65 + 2?
3
Let q = 3 + -8. Let u be (3 + -2)/((-1)/q). Suppose 0 = c + 4*c - n - 31, -2*n + 28 = u*c. What is the units digit of c?
6
Let y = 28 + 5. Suppose 0 = -n + q, -4*q - 3 = 2*n - y. Suppose 5*k + 4*h - 17 = 0, 6*k - n*h = k + 35. What is the units digit of k?
5
What is the tens digit of 106 + 0*(-3)/6?
0
Let i = 23 + -11. Let y be (-1)/(2 - (-18)/(-12)). What is the units digit of (-417)/(-18) + y/i?
3
Let f be (-8)/(-36) + (-25)/(-9). Suppose -f*n = 12, 2*n - 3*n + 40 = t. What is the units digit of t?
4
Suppose 0 = 2*k + 2*k - 8. Suppose -3*p + 33 = k*o, 0 = o + 5*p - 2 - 4. What is the tens digit of o?
2
Let m be 1 - (3 - 6 - 1). Suppose 0 = t - 2*t + m. Let s = 1 + t. What is the units digit of s?
6
Let b be (0 - -4)*(-2)/(-4). What is the units digit of (1 - 1/b)*2?
1
Suppose 0 = 2*f + 2*w - 40, -4*w + 3*w - 1 = 0. What is the tens digit of f?
2
Suppose d - 10 = 11. What is the tens digit of d?
2
Let g = 2 + 8. What is the tens digit of (g/(-20))/(1/(-22))?
1
Let x = 428 + -227. What is the units digit of x?
1
Suppose -3*x + x = -3*d - 68, -3*x - 2*d = -128. What is the units digit of 3/(x/12 + -3)?
9
What is the units digit of 17 - (150/(-40) - (-1)/(-4))?
1
Let o(a) = 3*a**2 + 2*a + 1. Let g be o(-1). Suppose 0*c - 3*c - g*f = -20, 3*c = 5*f + 13. What is the units digit of c?
6
What is the tens digit of (12 + (3 - 7))*33/4?
6
Let a(m) = 23*m + 26. What is the units digit of a(6)?
4
Let w(c) = 2*c**2 + 3*c. Let s be w(-2). What is the units digit of (s/8)/((-11)/(-88))?
2
Let y(l) = l - 3. Let f be y(7). Suppose -f*g = 1 - 157. Suppose -o + 3*o - 5*m - 21 = 0, -3*o + 5*m + g = 0. What is the units digit of o?
8
Let c(i) = -i + 14. What is the units digit of c(11)?
3
Suppose 0 = r - 5*c + 14, 4*r = 6*r + 2*c - 8. What is the units digit of (r + 0)/((-1)/(-5))?
5
Let d = -71 + 100. Let b = d - 12. What is the units digit of b?
7
Let h(v) = -v**3 + v**2 - v + 1. Let w be h(1). Suppose 3*d - 34 + 4 = w. What is the units digit of d?
0
Let o be 68/3 - 4/6. Suppose 56 = -4*k - 8. Let a = k + o. What is the units digit of a?
6
Let x be 3/2*(-16)/3. Let w(l) = l**3 + 9*l**2 + 6*l + 12. Let h be w(x). Suppose -5*a = 4*t - h, 2*t + 2*a - 18 = -2. What is the tens digit of t?
1
Suppose 4*d - d = 0. Suppose d = -f - 3*t + 6, -5*f + 5 = 5*t - 25. What is the units digit of f?
6
Let q be (0 - 0)*1/(-1). Suppose q = 2*f - 0*f - 26. What is the tens digit of f?
1
Suppose y + 2 - 8 = 0. Let z = 14 - y. What is the units digit of z?
8
Let k = -7 + 13. Suppose 2*v + 18 = -3*l, -5*v = -5*l - 2 - 3. Let y = v + k. What is the units digit of y?
3
Let g = -24 + 40. What is the tens digit of g?
1
Suppose -4 = 3*p - 25. What is the units digit of p?
7
Let u be ((-3)/(-2))/(3/20). Suppose 0*l = 2*l - u. What is the units digit of l?
5
Let w(q) = -4*q - 9. Let p(z) = 2*z + 5. Let a(h) = 5*p(h) + 3*w(h). Let j be a(-2). What is the units digit of 50/8 - j/8?
6
Let g = 10 - 10. Let w(q) = -2*q**2 - 11. Let u(h) = -h**2 - 5. Let v(l) = 13*u(l) - 6*w(l). What is the units digit of v(g)?
1
Let m(u) = -2*u**3 + 20*u**2 - 8*u - 14. 